{"id":2,"date":"2024-10-11T09:31:18","date_gmt":"2024-10-11T09:31:18","guid":{"rendered":"https:\/\/www.dgs-treff.de\/?page_id=2"},"modified":"2025-03-16T20:10:58","modified_gmt":"2025-03-16T19:10:58","slug":"sample-page","status":"publish","type":"page","link":"https:\/\/www.viko-bayern.de\/","title":{"rendered":"Herzlich Willkommen auf unserer neuen Plattform f\u00fcr Deutsche Geb\u00e4rdensprache!"},"content":{"rendered":"\n<p>Hier entsteht eine <strong>Informationsplattform mit dem Schwerpunkt Deutsche Geb\u00e4rdensprache (DGS)<\/strong>, f\u00fcr Geh\u00f6rlose, ihre Familien und alle, die sich f\u00fcr Geb\u00e4rdensprache und die Geh\u00f6rlosen-Community interessieren.<\/p>\n\n\n\n<p>Wir planen, diese Webseite im ersten Halbjahr 2025 zu starten, und freuen uns darauf, Ihnen spannende und hilfreiche Informationen rund um die DGS und die Geh\u00f6rlosengemeinschaft zu bieten.<\/p>\n\n\n\n<p>Bis dahin bitten wir Sie noch um Geduld. Wenn Sie sich schon jetzt f\u00fcr B\u00fccher \u00fcber die DGS interessieren, klicken Sie unten auf einen der unten stehenden Titel und wir leiten Sie direkt zum entsprechenden Buchshop weiter.<\/p>\n\n\n\n<p>Ihre Margit Hillenmeyer<\/p>\n\n\n\n<div style=\"height:50px\" aria-hidden=\"true\" class=\"wp-block-spacer\"><\/div>\n\n\n\n<p>Externe Weiterleitung zu <a href=\"https:\/\/www.dgs-buch.de\/\" target=\"_blank\" rel=\"noreferrer noopener\">www.dgs-buch.de<\/a><\/p>\n\n\n\n<div class=\"wp-block-columns is-layout-flex wp-container-core-columns-is-layout-28f84493 wp-block-columns-is-layout-flex\">\n<div class=\"wp-block-column is-vertically-aligned-center is-layout-flow wp-block-column-is-layout-flow\">\n<figure class=\"wp-block-image aligncenter size-large is-resized\"><a href=\"https:\/\/www.dgs-buch.de\/?product=dgs-buch-nr-1\"><img loading=\"lazy\" decoding=\"async\" width=\"729\" height=\"1024\" src=\"https:\/\/www.viko-bayern.de\/wp-content\/uploads\/2024\/11\/ViKo-Bayern-1.5_rgb-729x1024.jpg\" alt=\"\" class=\"wp-image-13\" style=\"width:300px;height:auto\" srcset=\"https:\/\/www.viko-bayern.de\/wp-content\/uploads\/2024\/11\/ViKo-Bayern-1.5_rgb-729x1024.jpg 729w, https:\/\/www.viko-bayern.de\/wp-content\/uploads\/2024\/11\/ViKo-Bayern-1.5_rgb-214x300.jpg 214w, https:\/\/www.viko-bayern.de\/wp-content\/uploads\/2024\/11\/ViKo-Bayern-1.5_rgb-768x1078.jpg 768w, https:\/\/www.viko-bayern.de\/wp-content\/uploads\/2024\/11\/ViKo-Bayern-1.5_rgb-1094x1536.jpg 1094w, https:\/\/www.viko-bayern.de\/wp-content\/uploads\/2024\/11\/ViKo-Bayern-1.5_rgb.jpg 1450w\" sizes=\"auto, (max-width: 729px) 100vw, 729px\" \/><\/a><\/figure>\n\n\n\n<div class=\"wp-block-buttons is-content-justification-center is-layout-flex wp-container-core-buttons-is-layout-a89b3969 wp-block-buttons-is-layout-flex\">\n<div class=\"wp-block-button\"><a class=\"wp-block-button__link wp-element-button\" href=\"https:\/\/www.dgs-buch.de\/?product=dgs-buch-nr-1\">Hier klicken f\u00fcr weitere Infos<\/a><\/div>\n<\/div>\n<\/div>\n\n\n\n<div class=\"wp-block-column is-layout-flow wp-block-column-is-layout-flow\">\n<figure class=\"wp-block-image aligncenter size-large is-resized\"><a href=\"https:\/\/www.dgs-buch.de\/produkt\/dgs-buch-nr-2\/\"><img loading=\"lazy\" decoding=\"async\" width=\"714\" height=\"1024\" src=\"https:\/\/www.viko-bayern.de\/wp-content\/uploads\/2024\/11\/ViKo-Bayern-2.3_rgb-714x1024.jpg\" alt=\"\" class=\"wp-image-14\" style=\"width:300px\" srcset=\"https:\/\/www.viko-bayern.de\/wp-content\/uploads\/2024\/11\/ViKo-Bayern-2.3_rgb-714x1024.jpg 714w, https:\/\/www.viko-bayern.de\/wp-content\/uploads\/2024\/11\/ViKo-Bayern-2.3_rgb-209x300.jpg 209w, https:\/\/www.viko-bayern.de\/wp-content\/uploads\/2024\/11\/ViKo-Bayern-2.3_rgb-768x1102.jpg 768w, https:\/\/www.viko-bayern.de\/wp-content\/uploads\/2024\/11\/ViKo-Bayern-2.3_rgb-1071x1536.jpg 1071w, https:\/\/www.viko-bayern.de\/wp-content\/uploads\/2024\/11\/ViKo-Bayern-2.3_rgb.jpg 1425w\" sizes=\"auto, (max-width: 714px) 100vw, 714px\" \/><\/a><\/figure>\n\n\n\n<div class=\"wp-block-buttons is-content-justification-center is-layout-flex wp-container-core-buttons-is-layout-a89b3969 wp-block-buttons-is-layout-flex\">\n<div class=\"wp-block-button\"><a class=\"wp-block-button__link wp-element-button\" href=\"https:\/\/www.dgs-buch.de\/?product=dgs-buch-nr-2\">Hier klicken f\u00fcr weitere Infos<\/a><\/div>\n<\/div>\n<\/div>\n<\/div>\n\n\n\n<p><\/p>\n","protected":false},"excerpt":{"rendered":"<p>Hier entsteht eine Informationsplattform mit dem Schwerpunkt Deutsche Geb\u00e4rdensprache (DGS), f\u00fcr Geh\u00f6rlose, ihre Familien und alle, die sich f\u00fcr Geb\u00e4rdensprache und die Geh\u00f6rlosen-Community interessieren. Wir planen, diese Webseite im ersten Halbjahr 2025 zu starten, und freuen uns darauf, Ihnen spannende und hilfreiche Informationen rund um die DGS und die Geh\u00f6rlosengemeinschaft zu bieten. Bis dahin bitten [&hellip;]<\/p>\n","protected":false},"author":1,"featured_media":0,"parent":0,"menu_order":0,"comment_status":"closed","ping_status":"open","template":"","meta":{"footnotes":""},"class_list":["post-2","page","type-page","status-publish","hentry"],"_links":{"self":[{"href":"https:\/\/www.viko-bayern.de\/index.php?rest_route=\/wp\/v2\/pages\/2","targetHints":{"allow":["GET"]}}],"collection":[{"href":"https:\/\/www.viko-bayern.de\/index.php?rest_route=\/wp\/v2\/pages"}],"about":[{"href":"https:\/\/www.viko-bayern.de\/index.php?rest_route=\/wp\/v2\/types\/page"}],"author":[{"embeddable":true,"href":"https:\/\/www.viko-bayern.de\/index.php?rest_route=\/wp\/v2\/users\/1"}],"replies":[{"embeddable":true,"href":"https:\/\/www.viko-bayern.de\/index.php?rest_route=%2Fwp%2Fv2%2Fcomments&post=2"}],"version-history":[{"count":10,"href":"https:\/\/www.viko-bayern.de\/index.php?rest_route=\/wp\/v2\/pages\/2\/revisions"}],"predecessor-version":[{"id":61,"href":"https:\/\/www.viko-bayern.de\/index.php?rest_route=\/wp\/v2\/pages\/2\/revisions\/61"}],"wp:attachment":[{"href":"https:\/\/www.viko-bayern.de\/index.php?rest_route=%2Fwp%2Fv2%2Fmedia&parent=2"}],"curies":[{"name":"wp","href":"https:\/\/api.w.org\/{rel}","templated":true}]}}

Herzlich Willkommen auf unserer neuen Plattform für Deutsche Gebärdensprache!

<p>Hier entsteht eine <strong>Informationsplattform mit dem Schwerpunkt Deutsche Gebärdensprache (DGS)</strong>, für Gehörlose, ihre Familien und alle, die sich für Gebärdensprache und die Gehörlosen-Community interessieren.</p>



<p>Wir planen, diese Webseite im ersten Halbjahr 2025 zu starten, und freuen uns darauf, Ihnen spannende und hilfreiche Informationen rund um die DGS und die Gehörlosengemeinschaft zu bieten.</p>



<p>Bis dahin bitten wir Sie noch um Geduld. Wenn Sie sich schon jetzt für Bücher über die DGS interessieren, klicken Sie unten auf einen der unten stehenden Titel und wir leiten Sie direkt zum entsprechenden Buchshop weiter.</p>



<p>Ihre Margit Hillenmeyer</p>



<div style="height:50px" aria-hidden="true" class="wp-block-spacer"></div>



<p>Externe Weiterleitung zu <a href="https://www.dgs-buch.de/" target="_blank" rel="noreferrer noopener">www.dgs-buch.de</a></p>



<div class="wp-block-columns is-layout-flex wp-container-core-columns-is-layout-28f84493 wp-block-columns-is-layout-flex">
<div class="wp-block-column is-vertically-aligned-center is-layout-flow wp-block-column-is-layout-flow">
<figure class="wp-block-image aligncenter size-large is-resized"><a href="https://www.dgs-buch.de/?product=dgs-buch-nr-1"><img loading="lazy" decoding="async" width="729" height="1024" src="https://www.viko-bayern.de/wp-content/uploads/2024/11/ViKo-Bayern-1.5_rgb-729x1024.jpg" alt="" class="wp-image-13" style="width:300px;height:auto" srcset="https://www.viko-bayern.de/wp-content/uploads/2024/11/ViKo-Bayern-1.5_rgb-729x1024.jpg 729w, https://www.viko-bayern.de/wp-content/uploads/2024/11/ViKo-Bayern-1.5_rgb-214x300.jpg 214w, https://www.viko-bayern.de/wp-content/uploads/2024/11/ViKo-Bayern-1.5_rgb-768x1078.jpg 768w, https://www.viko-bayern.de/wp-content/uploads/2024/11/ViKo-Bayern-1.5_rgb-1094x1536.jpg 1094w, https://www.viko-bayern.de/wp-content/uploads/2024/11/ViKo-Bayern-1.5_rgb.jpg 1450w" sizes="auto, (max-width: 729px) 100vw, 729px" /></a></figure>



<div class="wp-block-buttons is-content-justification-center is-layout-flex wp-container-core-buttons-is-layout-a89b3969 wp-block-buttons-is-layout-flex">
<div class="wp-block-button"><a class="wp-block-button__link wp-element-button" href="https://www.dgs-buch.de/?product=dgs-buch-nr-1">Hier klicken für weitere Infos</a></div>
</div>
</div>



<div class="wp-block-column is-layout-flow wp-block-column-is-layout-flow">
<figure class="wp-block-image aligncenter size-large is-resized"><a href="https://www.dgs-buch.de/produkt/dgs-buch-nr-2/"><img loading="lazy" decoding="async" width="714" height="1024" src="https://www.viko-bayern.de/wp-content/uploads/2024/11/ViKo-Bayern-2.3_rgb-714x1024.jpg" alt="" class="wp-image-14" style="width:300px" srcset="https://www.viko-bayern.de/wp-content/uploads/2024/11/ViKo-Bayern-2.3_rgb-714x1024.jpg 714w, https://www.viko-bayern.de/wp-content/uploads/2024/11/ViKo-Bayern-2.3_rgb-209x300.jpg 209w, https://www.viko-bayern.de/wp-content/uploads/2024/11/ViKo-Bayern-2.3_rgb-768x1102.jpg 768w, https://www.viko-bayern.de/wp-content/uploads/2024/11/ViKo-Bayern-2.3_rgb-1071x1536.jpg 1071w, https://www.viko-bayern.de/wp-content/uploads/2024/11/ViKo-Bayern-2.3_rgb.jpg 1425w" sizes="auto, (max-width: 714px) 100vw, 714px" /></a></figure>



<div class="wp-block-buttons is-content-justification-center is-layout-flex wp-container-core-buttons-is-layout-a89b3969 wp-block-buttons-is-layout-flex">
<div class="wp-block-button"><a class="wp-block-button__link wp-element-button" href="https://www.dgs-buch.de/?product=dgs-buch-nr-2">Hier klicken für weitere Infos</a></div>
</div>
</div>
</div>



<p></p>

<p>Hier entsteht eine Informationsplattform mit dem Schwerpunkt Deutsche Gebärdensprache (DGS), für Gehörlose, ihre Familien und alle, die sich für Gebärdensprache und die Gehörlosen-Community interessieren. Wir planen, diese Webseite im ersten Halbjahr 2025 zu starten, und freuen uns darauf, Ihnen spannende und hilfreiche Informationen rund um die DGS und die Gehörlosengemeinschaft zu bieten. Bis dahin bitten [&hellip;]</p>
